{"id":16,"date":"2021-12-02T00:05:01","date_gmt":"2021-12-02T00:05:01","guid":{"rendered":"http:\/\/yuzu-dreams-scharrer.de\/?page_id=16"},"modified":"2022-07-02T10:28:59","modified_gmt":"2022-07-02T10:28:59","slug":"kontakt","status":"publish","type":"page","link":"https:\/\/yuzu-dreams-scharrer.de\/?page_id=16","title":{"rendered":"Kontakt"},"content":{"rendered":"\n<p>Sie m\u00f6chten mehr \u00fcber unser Unternehmen erfahren oder erst noch Ausk\u00fcnfte vor einer Bestellung einholen?<br><br>Dann ist dieser Weg genau der Richtige.<br><br><br>Kontaktieren Sie uns bitte unter:<br><br><a href=\"mailto:info@yuzu-dreams-scharrer.de\">info@yuzu-dreams-scharrer.de<\/a><br><br>Festnetz: +49 15736448631<\/p>\n\n\n\n<p><\/p>\n\n\n\n<p><\/p>\n","protected":false},"excerpt":{"rendered":"<p>Sie m\u00f6chten mehr \u00fcber unser Unternehmen erfahren oder erst noch Ausk\u00fcnfte vor einer Bestellung einholen? Dann ist dieser Weg genau der Richtige. Kontaktieren Sie uns bitte unter: info@yuzu-dreams-scharrer.de Festnetz: +49 15736448631<\/p>\n","protected":false},"author":1,"featured_media":147,"parent":0,"menu_order":0,"comment_status":"closed","ping_status":"closed","template":"","meta":{"inspiro_hide_title":false,"footnotes":""},"class_list":["post-16","page","type-page","status-publish","has-post-thumbnail","hentry"],"featured_media_urls":{"thumbnail":["https:\/\/yuzu-dreams-scharrer.de\/wp-content\/uploads\/2021\/12\/IMG_0083-150x150.jpg",150,150,true],"medium":["https:\/\/yuzu-dreams-scharrer.de\/wp-content\/uploads\/2021\/12\/IMG_0083-300x225.jpg",300,225,true],"medium_large":["https:\/\/yuzu-dreams-scharrer.de\/wp-content\/uploads\/2021\/12\/IMG_0083-768x576.jpg",768,576,true],"large":["https:\/\/yuzu-dreams-scharrer.de\/wp-content\/uploads\/2021\/12\/IMG_0083-1024x768.jpg",950,713,true],"1536x1536":["https:\/\/yuzu-dreams-scharrer.de\/wp-content\/uploads\/2021\/12\/IMG_0083-1536x1152.jpg",1536,1152,true],"2048x2048":["https:\/\/yuzu-dreams-scharrer.de\/wp-content\/uploads\/2021\/12\/IMG_0083-2048x1536.jpg",2048,1536,true],"inspiro-featured-image":["https:\/\/yuzu-dreams-scharrer.de\/wp-content\/uploads\/2021\/12\/IMG_0083-2000x1500.jpg",2000,1500,true],"inspiro-loop":["https:\/\/yuzu-dreams-scharrer.de\/wp-content\/uploads\/2021\/12\/IMG_0083-950x320.jpg",950,320,true],"inspiro-loop@2x":["https:\/\/yuzu-dreams-scharrer.de\/wp-content\/uploads\/2021\/12\/IMG_0083-scaled-1900x640.jpg",1900,640,true],"portfolio_item-thumbnail":["https:\/\/yuzu-dreams-scharrer.de\/wp-content\/uploads\/2021\/12\/IMG_0083-scaled-600x400.jpg",600,400,true],"portfolio_item-thumbnail@2x":["https:\/\/yuzu-dreams-scharrer.de\/wp-content\/uploads\/2021\/12\/IMG_0083-scaled-1200x800.jpg",1200,800,true],"portfolio_item-masonry":["https:\/\/yuzu-dreams-scharrer.de\/wp-content\/uploads\/2021\/12\/IMG_0083-scaled-600x450.jpg",600,450,true],"portfolio_item-masonry@2x":["https:\/\/yuzu-dreams-scharrer.de\/wp-content\/uploads\/2021\/12\/IMG_0083-scaled-1200x900.jpg",1200,900,true],"portfolio_item-thumbnail_cinema":["https:\/\/yuzu-dreams-scharrer.de\/wp-content\/uploads\/2021\/12\/IMG_0083-scaled-800x335.jpg",800,335,true],"portfolio_item-thumbnail_portrait":["https:\/\/yuzu-dreams-scharrer.de\/wp-content\/uploads\/2021\/12\/IMG_0083-scaled-600x900.jpg",600,900,true],"portfolio_item-thumbnail_portrait@2x":["https:\/\/yuzu-dreams-scharrer.de\/wp-content\/uploads\/2021\/12\/IMG_0083-scaled-1200x1800.jpg",1200,1800,true],"portfolio_item-thumbnail_square":["https:\/\/yuzu-dreams-scharrer.de\/wp-content\/uploads\/2021\/12\/IMG_0083-scaled-800x800.jpg",800,800,true]},"_links":{"self":[{"href":"https:\/\/yuzu-dreams-scharrer.de\/index.php?rest_route=\/wp\/v2\/pages\/16","targetHints":{"allow":["GET"]}}],"collection":[{"href":"https:\/\/yuzu-dreams-scharrer.de\/index.php?rest_route=\/wp\/v2\/pages"}],"about":[{"href":"https:\/\/yuzu-dreams-scharrer.de\/index.php?rest_route=\/wp\/v2\/types\/page"}],"author":[{"embeddable":true,"href":"https:\/\/yuzu-dreams-scharrer.de\/index.php?rest_route=\/wp\/v2\/users\/1"}],"replies":[{"embeddable":true,"href":"https:\/\/yuzu-dreams-scharrer.de\/index.php?rest_route=%2Fwp%2Fv2%2Fcomments&post=16"}],"version-history":[{"count":5,"href":"https:\/\/yuzu-dreams-scharrer.de\/index.php?rest_route=\/wp\/v2\/pages\/16\/revisions"}],"predecessor-version":[{"id":308,"href":"https:\/\/yuzu-dreams-scharrer.de\/index.php?rest_route=\/wp\/v2\/pages\/16\/revisions\/308"}],"wp:featuredmedia":[{"embeddable":true,"href":"https:\/\/yuzu-dreams-scharrer.de\/index.php?rest_route=\/wp\/v2\/media\/147"}],"wp:attachment":[{"href":"https:\/\/yuzu-dreams-scharrer.de\/index.php?rest_route=%2Fwp%2Fv2%2Fmedia&parent=16"}],"curies":[{"name":"wp","href":"https:\/\/api.w.org\/{rel}","templated":true}]}}