{"id":152,"date":"2021-12-07T14:25:04","date_gmt":"2021-12-07T14:25:04","guid":{"rendered":"http:\/\/yuzu-dreams-scharrer.de\/?page_id=152"},"modified":"2024-02-17T12:23:09","modified_gmt":"2024-02-17T12:23:09","slug":"impressum","status":"publish","type":"page","link":"https:\/\/yuzu-dreams-scharrer.de\/?page_id=152","title":{"rendered":"Impressum"},"content":{"rendered":"\n<h5 class=\"wp-block-heading\">YUZU-DREAMS-SCHARRER.de ist der Shop f\u00fcr Jungpflanzen seltener Zirusfr\u00fcchte speziell f\u00fcr unsere k\u00e4lteren Regionen in Mitteleuropa im Internet. Die Pflanzen werden bei uns gez\u00fcchtet und veredelt. Kontakt besteht auch zu Plantagenbesitzern in der Region um Valencia, wo die Fr\u00fcchte bezogen werden.<br><br><strong>Unser Sortiment<\/strong>&nbsp;besteht derzeit aus Jungpflanzen der Zitrusart YUZU Yunos, Bitterorangen und Plantagenb\u00e4umen.<\/h5>\n\n\n\n<p><strong>Postanschrift:<\/strong><br>Norbert und Petra Scharrer<br>Ringstra\u00dfe 30<br>92712 Pirk<br><br><strong>Adresse des Unternehmens und Shop:<\/strong><br>Yuzu Dreams Scharrer UG<br>Gesch\u00e4ftsf\u00fchrung: Norbert Scharrer und Petra Scharrer<br>Ringstra\u00dfe 30<br>92712 Pirk<br><br><br>Amtsgericht Weiden in der Oberpfalz: HRB 5899<br>USt-IdNr.: DE354281941<br><br><br><br><br><br>Firmeninhaber:\u00a0 Norbert Scharrer<br><br>Tel. +49 15736448631<br>Mail: info@yuzu-dreams-scharrer.de<br><br><br><\/p>\n\n\n\n<p><strong>Copyright \/ Disclaimer<\/strong><\/p>\n\n\n\n<p>Jedes Website-Design, jeder Text, jede Auswahl bzw. jedes Layout davon und jede Software Copyright \u00a9 2021-Zukunftyuzu-dreams-scharrer.de. Alle Rechte vorbehalten. Das Kopieren oder die Reproduktion (inklusive des Ausdrucks auf Papier) der gesamten Website bzw. von Teilen dieser Website werden nur zu dem Zweck gestattet, eine Bestellung bei pflanzmich.de, aufzugeben oder zu dem Zweck, diese Website als Einkaufsressource zu verwenden.<\/p>\n\n\n\n<p>Jede andere Verwendung der auf dieser Website verf\u00fcgbaren Materialien bzw. Informationen &#8212; inklusive der Reproduktion, des Weitervertriebs, der Ver\u00e4nderung und der Ver\u00f6ffentlichung zu einem anderen als dem oben genannten Zweck &#8212; ist untersagt, es sei denn, yuzu-dreams-scharrer.de hat dem vorher schriftlich oder elektronisch zugestimmt.<\/p>\n\n\n\n<p>Von, was sehr unwahrscheinlich, aber doch nie auszuschlie\u00dfen ist, etwaigen fragw\u00fcrdigen oder zu beanstandenen Inhalten externer Links distanzieren wir uns vorsorglich.<\/p>\n\n\n\n<p><\/p>\n\n\n\n<p><\/p>\n","protected":false},"excerpt":{"rendered":"<p>YUZU-DREAMS-SCHARRER.de ist der Shop f\u00fcr Jungpflanzen seltener Zirusfr\u00fcchte speziell f\u00fcr unsere k\u00e4lteren Regionen in Mitteleuropa im Internet. Die Pflanzen werden bei uns gez\u00fcchtet und veredelt. Kontakt besteht auch zu Plantagenbesitzern in der Region um Valencia, wo die Fr\u00fcchte bezogen werden. Unser Sortiment&nbsp;besteht derzeit aus Jungpflanzen der Zitrusart YUZU Yunos, Bitterorangen und Plantagenb\u00e4umen. Postanschrift:Norbert und Petra &hellip; <\/p>\n<p class=\"link-more\"><a href=\"https:\/\/yuzu-dreams-scharrer.de\/?page_id=152\" class=\"more-link\">Mehr <span class=\"screen-reader-text\">\u00fcber &#8222;Impressum&#8220; <\/span>Lesen<\/a><\/p>\n","protected":false},"author":1,"featured_media":147,"parent":0,"menu_order":0,"comment_status":"closed","ping_status":"closed","template":"","meta":{"inspiro_hide_title":false,"footnotes":""},"class_list":["post-152","page","type-page","status-publish","has-post-thumbnail","hentry"],"featured_media_urls":{"thumbnail":["https:\/\/yuzu-dreams-scharrer.de\/wp-content\/uploads\/2021\/12\/IMG_0083-150x150.jpg",150,150,true],"medium":["https:\/\/yuzu-dreams-scharrer.de\/wp-content\/uploads\/2021\/12\/IMG_0083-300x225.jpg",300,225,true],"medium_large":["https:\/\/yuzu-dreams-scharrer.de\/wp-content\/uploads\/2021\/12\/IMG_0083-768x576.jpg",768,576,true],"large":["https:\/\/yuzu-dreams-scharrer.de\/wp-content\/uploads\/2021\/12\/IMG_0083-1024x768.jpg",950,713,true],"1536x1536":["https:\/\/yuzu-dreams-scharrer.de\/wp-content\/uploads\/2021\/12\/IMG_0083-1536x1152.jpg",1536,1152,true],"2048x2048":["https:\/\/yuzu-dreams-scharrer.de\/wp-content\/uploads\/2021\/12\/IMG_0083-2048x1536.jpg",2048,1536,true],"inspiro-featured-image":["https:\/\/yuzu-dreams-scharrer.de\/wp-content\/uploads\/2021\/12\/IMG_0083-2000x1500.jpg",2000,1500,true],"inspiro-loop":["https:\/\/yuzu-dreams-scharrer.de\/wp-content\/uploads\/2021\/12\/IMG_0083-950x320.jpg",950,320,true],"inspiro-loop@2x":["https:\/\/yuzu-dreams-scharrer.de\/wp-content\/uploads\/2021\/12\/IMG_0083-scaled-1900x640.jpg",1900,640,true],"portfolio_item-thumbnail":["https:\/\/yuzu-dreams-scharrer.de\/wp-content\/uploads\/2021\/12\/IMG_0083-scaled-600x400.jpg",600,400,true],"portfolio_item-thumbnail@2x":["https:\/\/yuzu-dreams-scharrer.de\/wp-content\/uploads\/2021\/12\/IMG_0083-scaled-1200x800.jpg",1200,800,true],"portfolio_item-masonry":["https:\/\/yuzu-dreams-scharrer.de\/wp-content\/uploads\/2021\/12\/IMG_0083-scaled-600x450.jpg",600,450,true],"portfolio_item-masonry@2x":["https:\/\/yuzu-dreams-scharrer.de\/wp-content\/uploads\/2021\/12\/IMG_0083-scaled-1200x900.jpg",1200,900,true],"portfolio_item-thumbnail_cinema":["https:\/\/yuzu-dreams-scharrer.de\/wp-content\/uploads\/2021\/12\/IMG_0083-scaled-800x335.jpg",800,335,true],"portfolio_item-thumbnail_portrait":["https:\/\/yuzu-dreams-scharrer.de\/wp-content\/uploads\/2021\/12\/IMG_0083-scaled-600x900.jpg",600,900,true],"portfolio_item-thumbnail_portrait@2x":["https:\/\/yuzu-dreams-scharrer.de\/wp-content\/uploads\/2021\/12\/IMG_0083-scaled-1200x1800.jpg",1200,1800,true],"portfolio_item-thumbnail_square":["https:\/\/yuzu-dreams-scharrer.de\/wp-content\/uploads\/2021\/12\/IMG_0083-scaled-800x800.jpg",800,800,true]},"_links":{"self":[{"href":"https:\/\/yuzu-dreams-scharrer.de\/index.php?rest_route=\/wp\/v2\/pages\/152","targetHints":{"allow":["GET"]}}],"collection":[{"href":"https:\/\/yuzu-dreams-scharrer.de\/index.php?rest_route=\/wp\/v2\/pages"}],"about":[{"href":"https:\/\/yuzu-dreams-scharrer.de\/index.php?rest_route=\/wp\/v2\/types\/page"}],"author":[{"embeddable":true,"href":"https:\/\/yuzu-dreams-scharrer.de\/index.php?rest_route=\/wp\/v2\/users\/1"}],"replies":[{"embeddable":true,"href":"https:\/\/yuzu-dreams-scharrer.de\/index.php?rest_route=%2Fwp%2Fv2%2Fcomments&post=152"}],"version-history":[{"count":15,"href":"https:\/\/yuzu-dreams-scharrer.de\/index.php?rest_route=\/wp\/v2\/pages\/152\/revisions"}],"predecessor-version":[{"id":438,"href":"https:\/\/yuzu-dreams-scharrer.de\/index.php?rest_route=\/wp\/v2\/pages\/152\/revisions\/438"}],"wp:featuredmedia":[{"embeddable":true,"href":"https:\/\/yuzu-dreams-scharrer.de\/index.php?rest_route=\/wp\/v2\/media\/147"}],"wp:attachment":[{"href":"https:\/\/yuzu-dreams-scharrer.de\/index.php?rest_route=%2Fwp%2Fv2%2Fmedia&parent=152"}],"curies":[{"name":"wp","href":"https:\/\/api.w.org\/{rel}","templated":true}]}}